at is the remainder when 286 is divided by 271?
15
What is the remainder when 149 is divided by 42?
23
Calculate the remainder when 1578 is divided by 33.
27
Calculate the remainder when 68 is divided by 17.
0
Calculate the remainder when 1178 is divided by 2.
0
Calculate the remainder when 197 is divided by 185.
12
Calculate the remainder when 558 is divided by 6.
0
What is the remainder when 44 is divided by 26?
18
What is the remainder when 469 is divided by 43?
39
What is the remainder when 643 is divided by 129?
127
What is the remainder when 399 is divided by 2?
1
What is the remainder when 13578 is divided by 14?
12
What is the remainder when 106 is divided by 31?
13
Calculate the remainder when 379 is divided by 38.
37
Calculate the remainder when 490 is divided by 97.
5
Calculate the remainder when 173 is divided by 54.
11
Calculate the remainder when 35094 is divided by 82.
80
What is the remainder when 122 is divided by 34?
20
What is the remainder when 21 is divided by 13?
8
What is the remainder when 661 is divided by 110?
1
What is the remainder when 1581 is divided by 22?
19
What is the remainder when 437 is divided by 5?
2
Calculate the remainder when 1225 is divided by 323.
256
What is the remainder when 1322 is divided by 636?
50
Calculate the remainder when 539 is divided by 184.
171
Calculate the remainder when 311 is divided by 53.
46
What is the remainder when 246 is divided by 66?
48
Calculate the remainder when 852 is divided by 171.
168
Calculate the remainder when 509 is divided by 6.
5
What is the remainder when 57 is divided by 4?
1
What is the remainder when 191 is divided by 33?
26
What is the remainder when 240 is divided by 18?
6
Calculate the remainder when 503 is divided by 46.
43
Calculate the remainder when 2301 is divided by 51.
6
Calculate the remainder when 345 is divided by 50.
45
What is the remainder when 1276 is divided by 128?
124
What is the remainder when 132 is divided by 5?
2
Calculate the remainder when 305 is divided by 62.
57
What is the remainder when 625 is divided by 42?
37
What is the remainder when 71 is divided by 8?
7
What is the remainder when 75 is divided by 38?
37
What is the remainder when 4553 is divided by 7?
3
What is the remainder when 236 is divided by 14?
12
Calculate the remainder when 1121 is divided by 128.
97
What is the remainder when 3964 is divided by 11?
4
What is the remainder when 458 is divided by 10?
8
Calculate the remainder when 22565 is divided by 396.
389
What is the remainder when 158 is divided by 11?
4
What is the remainder when 193 is divided by 35?
18
Calculate the remainder when 501 is divided by 354.
147
What is the remainder when 11997 is divided by 250?
247
What is the remainder when 154 is divided by 33?
22
What is the remainder when 607 is divided by 21?
19
What is the remainder when 490 is divided by 151?
37
What is the remainder when 281 is divided by 70?
1
What is the remainder when 110 is divided by 45?
20
What is the remainder when 124 is divided by 32?
28
What is the remainder when 367 is divided by 187?
180
Calculate the remainder when 107 is divided by 19.
12
Calculate the remainder when 19545 is divided by 29.
28
What is the remainder when 192 is divided by 39?
36
Calculate the remainder when 5851 is divided by 38.
37
Calculate the remainder when 4984 is divided by 995.
9
What is the remainder when 61 is divided by 8?
5
What is the remainder when 194 is divided by 94?
6
What is the remainder when 48 is divided by 35?
13
What is the remainder when 6369 is divided by 130?
129
Calculate the remainder when 37086 is divided by 117.
114
Calculate the remainder when 99 is divided by 65.
34
What is the remainder when 93 is divided by 16?
13
Calculate the remainder when 306 is divided by 143.
20
What is the remainder when 3218 is divided by 92?
90
Calculate the remainder when 884 is divided by 223.
215
Calculate the remainder when 321 is divided by 36.
33
Calculate the remainder when 10291 is divided by 29.
25
What is the remainder when 379 is divided by 111?
46
Calculate the remainder when 4723 is divided by 25.
23
What is the remainder when 37 is divided by 21?
16
Calculate the remainder when 3675 is divided by 78.
9
What is the remainder when 154 is divided by 39?
37
Calculate the remainder when 127 is divided by 21.
1
What is the remainder when 105 is divided by 49?
7
Calculate the remainder when 128 is divided by 37.
17
Calculate the remainder when 50 is divided by 28.
22
What is the remainder when 43 is divided by 36?
7
What is the remainder when 2524 is divided by 25?
24
What is the remainder when 6 is divided by 1?
0
Calculate the remainder when 467 is divided by 21.
5
What is the remainder when 185 is divided by 161?
24
What is the remainder when 649 is divided by 30?
19
What is the remainder when 413 is divided by 32?
29
Calculate the remainder when 59 is divided by 15.
14
What is the remainder when 4323 is divided by 46?
45
Calculate the remainder when 121 is divided by 43.
35
What is the remainder when 209 is divided by 29?
6
What is the remainder when 98 is divided by 38?
22
What is the remainder when 2195 is divided by 157?
154
Calculate the remainder when 933 is divided by 39.
36
Calculate the remainder when 538 is divided by 18.
16
What is the remainder when 854 is divided by 96?
86
Calculate the remainder when 466 is divided by 95.
86
Calculate the remainder when 1026 is divided by 13.
12
What is the remainder when 1382 is divided by 98?
10
Calculate the remainder when 127 is divided by 67.
60
What is the remainder when 261 is divided by 92?
77
What is the remainder when 1783 is divided by 35?
33
Calculate the remainder when 212 is divided by 108.
104
Calculate the remainder when 347 is divided by 107.
26
What is the remainder when 10366 is divided by 9?
7
What is the remainder when 1482 is divided by 390?
312
What is the remainder when 1788 is divided by 100?
88
Calculate the remainder when 2356 is divided by 18.
16
Calculate the remainder when 484 is divided by 8.
4
Calculate the remainder when 998 is divided by 26.
10
Calculate the remainder when 256 is divided by 48.
16
Calculate the remainder when 841 is divided by 21.
1
What is the remainder when 418 is divided by 180?
58
Calculate the remainder when 228 is divided by 108.
12
Calculate the remainder when 1436 is divided by 355.
16
What is the remainder when 1888 is divided by 18?
16
Calculate the remainder when 211 is divided by 18.
13
What is the remainder when 59 is divided by 19?
2
Calculate the remainder when 41 is divided by 6.
5
Calculate the remainder when 2035 is divided by 97.
95
What is the remainder when 130 is divided by 11?
9
What is the remainder when 867 is divided by 43?
7
What is the remainder when 2282 is divided by 100?
82
What is the remainder when 382 is divided by 18?
4
What is the remainder when 1590 is divided by 37?
36
Calculate the remainder when 130 is divided by 57.
16
What is the remainder when 324 is divided by 67?
56
Calculate the remainder when 200 is divided by 46.
16
What is the remainder when 380 is divided by 65?
55
Calculate the remainder when 4701 is divided by 8.
5
Calculate the remainder when 118 is divided by 37.
7
Calculate the remainder when 303 is divided by 16.
15
What is the remainder when 429 is divided by 70?
9
What is the remainder when 44 is divided by 10?
4
Calculate the remainder when 258 is divided by 13.
11
What is the remainder when 77 is divided by 7?
0
Calculate the remainder when 299 is divided by 31.
20
What is the remainder when 202 is divided by 34?
32
Calculate the remainder when 348 is divided by 69.
3
What is the remainder when 1567 is divided by 8?
7
What is the remainder when 165 is divided by 42?
39
What is the remainder when 193 is divided by 47?
5
Calculate the remainder when 160 is divided by 135.
25
What is the remainder when 384 is divided by 124?
12
Calculate the remainder when 1797 is divided by 50.
47
Calculate the remainder when 856 is divided by 16.
8
What is the remainder when 45 is divided by 37?
8
Calculate the remainder when 1691 is divided by 560.
11
Calculate the remainder when 24 is divided by 2.
0
What is the remainder when 171 is divided by 165?
6
Calculate the remainder when 123 is divi